{"id":8550,"date":"2024-09-09T13:46:45","date_gmt":"2024-09-09T17:46:45","guid":{"rendered":"https:\/\/infocrep.cssdm.gouv.qc.ca\/enseignants\/?post_type=tribe_events&#038;p=8550"},"modified":"2025-01-15T09:59:31","modified_gmt":"2025-01-15T14:59:31","slug":"rencontre-du-service-de-participation-sociale-ps-5","status":"publish","type":"tribe_events","link":"https:\/\/infocrep.cssdm.gouv.qc.ca\/enseignants\/event\/rencontre-du-service-de-participation-sociale-ps-5\/","title":{"rendered":"Rencontre du service de Participation sociale (PS)"},"content":{"rendered":"<p><strong>Ordre du jour:\u00a0<\/strong><\/p>\n<p><strong>8h45 \u2013 10h (en grand groupe)<\/strong><\/p>\n<ul>\n<li>Informations strat\u00e9giques<\/li>\n<li>Pr\u00e9ciser le lien entre l\u2019analyse des besoins sp\u00e9cifiques de l\u2019\u00e9l\u00e8ve (\u00e9tape 5) et le plan d\u2019action.<\/li>\n<li>Plan d\u2019action\/Projet de participation social<\/li>\n<\/ul>\n<p><strong>EVR<\/strong>\/travail collaboratif<\/p>\n<p><strong>10h \u00e0 10h15\u00a0: Pause<\/strong><\/p>\n<p><strong>\u00a0<\/strong><\/p>\n<p><strong>10h15 \u00e0 11h45\u00a0(sous-groupes)<\/strong><\/p>\n<ul>\n<li><strong>PS<\/strong> \/ <strong>RA\u00c9<\/strong>\/ travail collaboratif<\/li>\n<li><strong>DHS<\/strong> \/ travail collaboratif<\/li>\n<\/ul>\n<p><strong>Fin de la rencontre<\/strong><\/p>\n","protected":false},"excerpt":{"rendered":"<p>Ordre du jour:\u00a0 8h45 \u2013 10h (en grand groupe) Informations strat\u00e9giques Pr\u00e9ciser le lien entre l\u2019analyse des besoins sp\u00e9cifiques de&hellip;<\/p>\n","protected":false},"author":2,"featured_media":0,"comment_status":"closed","ping_status":"closed","template":"","meta":{"_tribe_events_status":"","_tribe_events_status_reason":"","footnotes":""},"tags":[],"tribe_events_cat":[],"class_list":["post-8550","tribe_events","type-tribe_events","status-publish","hentry"],"_links":{"self":[{"href":"https:\/\/infocrep.cssdm.gouv.qc.ca\/enseignants\/wp-json\/wp\/v2\/tribe_events\/8550","targetHints":{"allow":["GET"]}}],"collection":[{"href":"https:\/\/infocrep.cssdm.gouv.qc.ca\/enseignants\/wp-json\/wp\/v2\/tribe_events"}],"about":[{"href":"https:\/\/infocrep.cssdm.gouv.qc.ca\/enseignants\/wp-json\/wp\/v2\/types\/tribe_events"}],"author":[{"embeddable":true,"href":"https:\/\/infocrep.cssdm.gouv.qc.ca\/enseignants\/wp-json\/wp\/v2\/users\/2"}],"replies":[{"embeddable":true,"href":"https:\/\/infocrep.cssdm.gouv.qc.ca\/enseignants\/wp-json\/wp\/v2\/comments?post=8550"}],"version-history":[{"count":2,"href":"https:\/\/infocrep.cssdm.gouv.qc.ca\/enseignants\/wp-json\/wp\/v2\/tribe_events\/8550\/revisions"}],"predecessor-version":[{"id":9200,"href":"https:\/\/infocrep.cssdm.gouv.qc.ca\/enseignants\/wp-json\/wp\/v2\/tribe_events\/8550\/revisions\/9200"}],"wp:attachment":[{"href":"https:\/\/infocrep.cssdm.gouv.qc.ca\/enseignants\/wp-json\/wp\/v2\/media?parent=8550"}],"wp:term":[{"taxonomy":"post_tag","embeddable":true,"href":"https:\/\/infocrep.cssdm.gouv.qc.ca\/enseignants\/wp-json\/wp\/v2\/tags?post=8550"},{"taxonomy":"tribe_events_cat","embeddable":true,"href":"https:\/\/infocrep.cssdm.gouv.qc.ca\/enseignants\/wp-json\/wp\/v2\/tribe_events_cat?post=8550"}],"curies":[{"name":"wp","href":"https:\/\/api.w.org\/{rel}","templated":true}]}}

<p><strong>Ordre du jour: </strong></p>
<p><strong>8h45 – 10h (en grand groupe)</strong></p>
<ul>
<li>Informations stratégiques</li>
<li>Préciser le lien entre l’analyse des besoins spécifiques de l’élève (étape 5) et le plan d’action.</li>
<li>Plan d’action/Projet de participation social</li>
</ul>
<p><strong>EVR</strong>/travail collaboratif</p>
<p><strong>10h à 10h15 : Pause</strong></p>
<p><strong> </strong></p>
<p><strong>10h15 à 11h45 (sous-groupes)</strong></p>
<ul>
<li><strong>PS</strong> / <strong>RAÉ</strong>/ travail collaboratif</li>
<li><strong>DHS</strong> / travail collaboratif</li>
</ul>
<p><strong>Fin de la rencontre</strong></p>

<p>Ordre du jour:  8h45 – 10h (en grand groupe) Informations stratégiques Préciser le lien entre l’analyse des besoins spécifiques de&hellip;</p>
