{"id":8046,"date":"2024-04-11T15:35:07","date_gmt":"2024-04-11T19:35:07","guid":{"rendered":"https:\/\/infocrep.cssdm.gouv.qc.ca\/enseignants\/?post_type=tribe_events&#038;p=8046"},"modified":"2024-04-18T09:38:29","modified_gmt":"2024-04-18T13:38:29","slug":"formation-violence-entre-partenaires-intimes","status":"publish","type":"tribe_events","link":"https:\/\/infocrep.cssdm.gouv.qc.ca\/enseignants\/event\/formation-violence-entre-partenaires-intimes\/","title":{"rendered":"Formation: Identification de la violence entre partenaires intimes"},"content":{"rendered":"<p><span style=\"color: #000000;\"><strong>Cette formation est offerte par Sandra Thiel , intervenante ainsi que Vanessa Andr\u00e9 \u00e9galement intervenante au\u00a0 au Y des femmes de Montr\u00e9al.\u00a0<\/strong><\/span><\/p>\n<p>La formation abordera plusieurs th\u00e8mes concernant la violence entre partenaires intimes, tel que;<\/p>\n<ul>\n<li>Mythes et r\u00e9alit\u00e9s<\/li>\n<li>D\u00e9finition de la VPI (violence entre partenaires intimes, appel\u00e9 aussi violence conjugale)<\/li>\n<li>Les diff\u00e9rentes formes de violence<\/li>\n<li>Cycle et escalade de la VPI<\/li>\n<li>Indices pour distinguer la chicane de couple de la VPI<\/li>\n<li>Comment sortir en toute s\u00e9curit\u00e9 d\u2019une relation violente. Ressources disponibles<\/li>\n<li>Quelques statistiques<\/li>\n<\/ul>\n<p>L\u2019objectif de la rencontre est de;<\/p>\n<ul>\n<li>D\u00e9velopper des connaissances en mati\u00e8re de violence entre partenaires intimes<\/li>\n<li>D\u00e9construire les mythes et pr\u00e9jug\u00e9s li\u00e9s \u00e0 la probl\u00e9matique de VPI<\/li>\n<li>Conna\u00eetre les ressources disponibles<\/li>\n<\/ul>\n<p>&nbsp;<\/p>\n<h4>R\u00e9mun\u00e9ration lors des ateliers et formations pour les enseignants \u00e0 taux horaire<\/h4>\n<p><em>*Notez que si moins de 6 personnes sont inscrites \u00e0 l\u2019atelier nous annulerons la rencontre.<\/em><\/p>\n<p>Les enseignants \u00e0 taux horaire sont invit\u00e9s \u00e0 faire une demande au Comit\u00e9 local de perfectionnement (CLP) pour les formations et ateliers offerts au CREP \u00e0 l\u2019adresse suivante<span style=\"color: #008080;\">\u00a0<a style=\"color: #008080;\" href=\"mailto:houle.v@csdm.qc.ca\" target=\"_blank\" rel=\"noopener\">houle.v@csdm.qc.ca<\/a>.<\/span><\/p>\n<p>Veuillez remplir ce fichier et le faire suivre \u00e0 la m\u00eame adresse:<\/p>\n<ul>\n<li><strong>Perfectionnement du personnel enseignant \u2013 demande d\u2019aide financi\u00e8re (D010) :<span style=\"color: #008080;\">\u00a0<\/span><\/strong><span style=\"color: #008080;\"><a style=\"color: #008080;\" href=\"https:\/\/infocrep.cssdm.gouv.qc.ca\/enseignants\/wp-content\/uploads\/sites\/6\/securepdfs\/2023\/11\/formulaires_pdf_D010.pdf\" target=\"_blank\" rel=\"noopener\"><strong>https:\/\/infocrep.cssdm.gouv.qc.ca\/enseignants\/wp-content\/uploads\/sites\/6\/securepdfs\/2023\/11\/formulaires_pdf_D010.pdf\u00a0<\/strong><\/a><\/span><\/li>\n<\/ul>\n<p>&nbsp;<\/p>\n<h4><span style=\"color: #008080;\"><a style=\"color: #008080;\" href=\"https:\/\/forms.office.com\/Pages\/ResponsePage.aspx?id=0bLmbDdGI0qsfSVDuUeXH5E09QIE9htGtxK7XCro5S1UMFE3MjlKSEZTNTk3WFhNMDJOSU5SWVZDVi4u\" target=\"_blank\" rel=\"noopener\"><strong>Pour vous inscrire \u00e0 l\u2019atelier veuillez inscrire votre nom dans ce formulaire en cliquant ICI.<\/strong><\/a><\/span><\/h4>\n","protected":false},"excerpt":{"rendered":"<p>Cette formation est offerte par Sandra Thiel , intervenante ainsi que Vanessa Andr\u00e9 \u00e9galement intervenante au\u00a0 au Y des femmes&hellip;<\/p>\n","protected":false},"author":2,"featured_media":0,"comment_status":"closed","ping_status":"closed","template":"","meta":{"_tribe_events_status":"","_tribe_events_status_reason":"","footnotes":""},"tags":[],"tribe_events_cat":[28],"class_list":["post-8046","tribe_events","type-tribe_events","status-publish","hentry","tribe_events_cat-rencontres-et-formations","cat_rencontres-et-formations"],"_links":{"self":[{"href":"https:\/\/infocrep.cssdm.gouv.qc.ca\/enseignants\/wp-json\/wp\/v2\/tribe_events\/8046","targetHints":{"allow":["GET"]}}],"collection":[{"href":"https:\/\/infocrep.cssdm.gouv.qc.ca\/enseignants\/wp-json\/wp\/v2\/tribe_events"}],"about":[{"href":"https:\/\/infocrep.cssdm.gouv.qc.ca\/enseignants\/wp-json\/wp\/v2\/types\/tribe_events"}],"author":[{"embeddable":true,"href":"https:\/\/infocrep.cssdm.gouv.qc.ca\/enseignants\/wp-json\/wp\/v2\/users\/2"}],"replies":[{"embeddable":true,"href":"https:\/\/infocrep.cssdm.gouv.qc.ca\/enseignants\/wp-json\/wp\/v2\/comments?post=8046"}],"version-history":[{"count":5,"href":"https:\/\/infocrep.cssdm.gouv.qc.ca\/enseignants\/wp-json\/wp\/v2\/tribe_events\/8046\/revisions"}],"predecessor-version":[{"id":8089,"href":"https:\/\/infocrep.cssdm.gouv.qc.ca\/enseignants\/wp-json\/wp\/v2\/tribe_events\/8046\/revisions\/8089"}],"wp:attachment":[{"href":"https:\/\/infocrep.cssdm.gouv.qc.ca\/enseignants\/wp-json\/wp\/v2\/media?parent=8046"}],"wp:term":[{"taxonomy":"post_tag","embeddable":true,"href":"https:\/\/infocrep.cssdm.gouv.qc.ca\/enseignants\/wp-json\/wp\/v2\/tags?post=8046"},{"taxonomy":"tribe_events_cat","embeddable":true,"href":"https:\/\/infocrep.cssdm.gouv.qc.ca\/enseignants\/wp-json\/wp\/v2\/tribe_events_cat?post=8046"}],"curies":[{"name":"wp","href":"https:\/\/api.w.org\/{rel}","templated":true}]}}

<p><span style="color: #000000;"><strong>Cette formation est offerte par Sandra Thiel , intervenante ainsi que Vanessa André également intervenante au  au Y des femmes de Montréal. </strong></span></p>
<p>La formation abordera plusieurs thèmes concernant la violence entre partenaires intimes, tel que;</p>
<ul>
<li>Mythes et réalités</li>
<li>Définition de la VPI (violence entre partenaires intimes, appelé aussi violence conjugale)</li>
<li>Les différentes formes de violence</li>
<li>Cycle et escalade de la VPI</li>
<li>Indices pour distinguer la chicane de couple de la VPI</li>
<li>Comment sortir en toute sécurité d’une relation violente. Ressources disponibles</li>
<li>Quelques statistiques</li>
</ul>
<p>L’objectif de la rencontre est de;</p>
<ul>
<li>Développer des connaissances en matière de violence entre partenaires intimes</li>
<li>Déconstruire les mythes et préjugés liés à la problématique de VPI</li>
<li>Connaître les ressources disponibles</li>
</ul>
<p>&nbsp;</p>
<h4>Rémunération lors des ateliers et formations pour les enseignants à taux horaire</h4>
<p><em>*Notez que si moins de 6 personnes sont inscrites à l’atelier nous annulerons la rencontre.</em></p>
<p>Les enseignants à taux horaire sont invités à faire une demande au Comité local de perfectionnement (CLP) pour les formations et ateliers offerts au CREP à l’adresse suivante<span style="color: #008080;"> <a style="color: #008080;" href="mailto:houle.v@csdm.qc.ca" target="_blank" rel="noopener">houle.v@csdm.qc.ca</a>.</span></p>
<p>Veuillez remplir ce fichier et le faire suivre à la même adresse:</p>
<ul>
<li><strong>Perfectionnement du personnel enseignant – demande d’aide financière (D010) :<span style="color: #008080;"> </span></strong><span style="color: #008080;"><a style="color: #008080;" href="https://infocrep.cssdm.gouv.qc.ca/enseignants/wp-content/uploads/sites/6/securepdfs/2023/11/formulaires_pdf_D010.pdf" target="_blank" rel="noopener"><strong>https://infocrep.cssdm.gouv.qc.ca/enseignants/wp-content/uploads/sites/6/securepdfs/2023/11/formulaires_pdf_D010.pdf </strong></a></span></li>
</ul>
<p>&nbsp;</p>
<h4><span style="color: #008080;"><a style="color: #008080;" href="https://forms.office.com/Pages/ResponsePage.aspx?id=0bLmbDdGI0qsfSVDuUeXH5E09QIE9htGtxK7XCro5S1UMFE3MjlKSEZTNTk3WFhNMDJOSU5SWVZDVi4u" target="_blank" rel="noopener"><strong>Pour vous inscrire à l’atelier veuillez inscrire votre nom dans ce formulaire en cliquant ICI.</strong></a></span></h4>

<p>Cette formation est offerte par Sandra Thiel , intervenante ainsi que Vanessa André également intervenante au  au Y des femmes&hellip;</p>
