{"id":7210,"date":"2023-09-25T14:06:54","date_gmt":"2023-09-25T18:06:54","guid":{"rendered":"https:\/\/infocrep.cssdm.gouv.qc.ca\/enseignants\/?post_type=tribe_events&#038;p=7210"},"modified":"2023-10-27T14:07:48","modified_gmt":"2023-10-27T18:07:48","slug":"formation-pour-le-service-de-la-francisation-lenseignement-multiniveaux","status":"publish","type":"tribe_events","link":"https:\/\/infocrep.cssdm.gouv.qc.ca\/enseignants\/event\/formation-pour-le-service-de-la-francisation-lenseignement-multiniveaux\/","title":{"rendered":"Formation pour le service de la Francisation: l&rsquo;enseignement multiniveaux"},"content":{"rendered":"<p><span style=\"color: #ff0000;\"><strong>10 novembre \u00e0 13h30, le lieu de la rencontre paraitra ici sous peu.<\/strong><\/span><\/p>\n<p><span class=\"ui-provider ed ayq ayr ays ayt ayu ayv ayw ayx ayy ayz aza azb azc azd aze azf azg azh azi azj azk azl azm azn azo azp azq azr azs azt azu azv azw azx\" dir=\"ltr\">Formation sur l&rsquo;enseignement multiniveaux en francisation\u00a0(Partie 1) donn\u00e9e par une sp\u00e9cialiste de cette question, Mme Judith Girardin, de l&rsquo;\u00c9quipe-Choc p\u00e9dagogique de Carrefour FGA.\u00a0<\/span><\/p>\n<p>&nbsp;<\/p>\n<p><span style=\"color: #ff0000;\"><em>Notez que les enseignants \u00e0 taux horaire et \u00e0 contrat seront r\u00e9mun\u00e9r\u00e9s pour leur pr\u00e9sence.<\/em><\/span><\/p>\n","protected":false},"excerpt":{"rendered":"<p>10 novembre \u00e0 13h30, le lieu de la rencontre paraitra ici sous peu. Formation sur l&rsquo;enseignement multiniveaux en francisation\u00a0(Partie 1)&hellip;<\/p>\n","protected":false},"author":2,"featured_media":971,"comment_status":"closed","ping_status":"closed","template":"","meta":{"_tribe_events_status":"","_tribe_events_status_reason":"","footnotes":""},"tags":[],"tribe_events_cat":[28],"class_list":["post-7210","tribe_events","type-tribe_events","status-publish","has-post-thumbnail","hentry","tribe_events_cat-rencontres-et-formations","cat_rencontres-et-formations"],"_links":{"self":[{"href":"https:\/\/infocrep.cssdm.gouv.qc.ca\/enseignants\/wp-json\/wp\/v2\/tribe_events\/7210","targetHints":{"allow":["GET"]}}],"collection":[{"href":"https:\/\/infocrep.cssdm.gouv.qc.ca\/enseignants\/wp-json\/wp\/v2\/tribe_events"}],"about":[{"href":"https:\/\/infocrep.cssdm.gouv.qc.ca\/enseignants\/wp-json\/wp\/v2\/types\/tribe_events"}],"author":[{"embeddable":true,"href":"https:\/\/infocrep.cssdm.gouv.qc.ca\/enseignants\/wp-json\/wp\/v2\/users\/2"}],"replies":[{"embeddable":true,"href":"https:\/\/infocrep.cssdm.gouv.qc.ca\/enseignants\/wp-json\/wp\/v2\/comments?post=7210"}],"version-history":[{"count":5,"href":"https:\/\/infocrep.cssdm.gouv.qc.ca\/enseignants\/wp-json\/wp\/v2\/tribe_events\/7210\/revisions"}],"predecessor-version":[{"id":7388,"href":"https:\/\/infocrep.cssdm.gouv.qc.ca\/enseignants\/wp-json\/wp\/v2\/tribe_events\/7210\/revisions\/7388"}],"wp:featuredmedia":[{"embeddable":true,"href":"https:\/\/infocrep.cssdm.gouv.qc.ca\/enseignants\/wp-json\/wp\/v2\/media\/971"}],"wp:attachment":[{"href":"https:\/\/infocrep.cssdm.gouv.qc.ca\/enseignants\/wp-json\/wp\/v2\/media?parent=7210"}],"wp:term":[{"taxonomy":"post_tag","embeddable":true,"href":"https:\/\/infocrep.cssdm.gouv.qc.ca\/enseignants\/wp-json\/wp\/v2\/tags?post=7210"},{"taxonomy":"tribe_events_cat","embeddable":true,"href":"https:\/\/infocrep.cssdm.gouv.qc.ca\/enseignants\/wp-json\/wp\/v2\/tribe_events_cat?post=7210"}],"curies":[{"name":"wp","href":"https:\/\/api.w.org\/{rel}","templated":true}]}}

<p><span style="color: #ff0000;"><strong>10 novembre à 13h30, le lieu de la rencontre paraitra ici sous peu.</strong></span></p>
<p><span class="ui-provider ed ayq ayr ays ayt ayu ayv ayw ayx ayy ayz aza azb azc azd aze azf azg azh azi azj azk azl azm azn azo azp azq azr azs azt azu azv azw azx" dir="ltr">Formation sur l&rsquo;enseignement multiniveaux en francisation (Partie 1) donnée par une spécialiste de cette question, Mme Judith Girardin, de l&rsquo;Équipe-Choc pédagogique de Carrefour FGA. </span></p>
<p>&nbsp;</p>
<p><span style="color: #ff0000;"><em>Notez que les enseignants à taux horaire et à contrat seront rémunérés pour leur présence.</em></span></p>

<p>10 novembre à 13h30, le lieu de la rencontre paraitra ici sous peu. Formation sur l&rsquo;enseignement multiniveaux en francisation (Partie 1)&hellip;</p>
