{"id":6279,"date":"2023-02-28T10:19:35","date_gmt":"2023-02-28T15:19:35","guid":{"rendered":"https:\/\/infocrep.cssdm.gouv.qc.ca\/enseignants\/?post_type=tribe_events&#038;p=6279"},"modified":"2023-04-20T09:33:25","modified_gmt":"2023-04-20T13:33:25","slug":"cafe-rencontre-trouble-danxiete-generalisee-tag","status":"publish","type":"tribe_events","link":"https:\/\/infocrep.cssdm.gouv.qc.ca\/enseignants\/event\/cafe-rencontre-trouble-danxiete-generalisee-tag\/","title":{"rendered":"Caf\u00e9-rencontre: Le trouble du spectre de l&rsquo;autisme (TSA) partie 2"},"content":{"rendered":"<p><strong>Atelier en continuit\u00e9 de la partie 1\u00a0: \u00a0Le trouble du spectre de l\u2019autisme (TSA)<\/strong><\/p>\n<p><strong><em>Notez que les enseignants qui n\u2019ont pas particip\u00e9 \u00e0 la premi\u00e8re partie peuvent se joindre \u00e0 nous.<\/em><\/strong><\/p>\n<p>L&rsquo;objectif sera de davantage explorer et partager autour des approches de soutien (dans un contexte individuel et de groupe) pour les personnes ayant un TSA.<\/p>\n<p>&nbsp;<\/p>\n<p>Veuillez inscrire votre nom dans ce Doodle pour nous signifier votre participation:<\/p>\n<p><span style=\"color: #008080;\"><a style=\"color: #008080;\" href=\"https:\/\/doodle.com\/meeting\/participate\/id\/aK8qBOxb\" target=\"_blank\" rel=\"noopener\">https:\/\/doodle.com\/meeting\/participate\/id\/aK8qBOxb<\/a><\/span><\/p>\n<p>&nbsp;<\/p>\n<p><span style=\"color: #ff0000;\"><em>Les enseignants \u00e0 taux horaire sont invit\u00e9s et seront r\u00e9mun\u00e9r\u00e9s pour leur pr\u00e9sence.<\/em><\/span><\/p>\n","protected":false},"excerpt":{"rendered":"<p>Atelier en continuit\u00e9 de la partie 1\u00a0: \u00a0Le trouble du spectre de l\u2019autisme (TSA) Notez que les enseignants qui n\u2019ont&hellip;<\/p>\n","protected":false},"author":2,"featured_media":3210,"comment_status":"closed","ping_status":"closed","template":"","meta":{"_tribe_events_status":"","_tribe_events_status_reason":"","footnotes":""},"tags":[],"tribe_events_cat":[28],"class_list":["post-6279","tribe_events","type-tribe_events","status-publish","has-post-thumbnail","hentry","tribe_events_cat-rencontres-et-formations","cat_rencontres-et-formations"],"_links":{"self":[{"href":"https:\/\/infocrep.cssdm.gouv.qc.ca\/enseignants\/wp-json\/wp\/v2\/tribe_events\/6279","targetHints":{"allow":["GET"]}}],"collection":[{"href":"https:\/\/infocrep.cssdm.gouv.qc.ca\/enseignants\/wp-json\/wp\/v2\/tribe_events"}],"about":[{"href":"https:\/\/infocrep.cssdm.gouv.qc.ca\/enseignants\/wp-json\/wp\/v2\/types\/tribe_events"}],"author":[{"embeddable":true,"href":"https:\/\/infocrep.cssdm.gouv.qc.ca\/enseignants\/wp-json\/wp\/v2\/users\/2"}],"replies":[{"embeddable":true,"href":"https:\/\/infocrep.cssdm.gouv.qc.ca\/enseignants\/wp-json\/wp\/v2\/comments?post=6279"}],"version-history":[{"count":4,"href":"https:\/\/infocrep.cssdm.gouv.qc.ca\/enseignants\/wp-json\/wp\/v2\/tribe_events\/6279\/revisions"}],"predecessor-version":[{"id":6664,"href":"https:\/\/infocrep.cssdm.gouv.qc.ca\/enseignants\/wp-json\/wp\/v2\/tribe_events\/6279\/revisions\/6664"}],"wp:featuredmedia":[{"embeddable":true,"href":"https:\/\/infocrep.cssdm.gouv.qc.ca\/enseignants\/wp-json\/wp\/v2\/media\/3210"}],"wp:attachment":[{"href":"https:\/\/infocrep.cssdm.gouv.qc.ca\/enseignants\/wp-json\/wp\/v2\/media?parent=6279"}],"wp:term":[{"taxonomy":"post_tag","embeddable":true,"href":"https:\/\/infocrep.cssdm.gouv.qc.ca\/enseignants\/wp-json\/wp\/v2\/tags?post=6279"},{"taxonomy":"tribe_events_cat","embeddable":true,"href":"https:\/\/infocrep.cssdm.gouv.qc.ca\/enseignants\/wp-json\/wp\/v2\/tribe_events_cat?post=6279"}],"curies":[{"name":"wp","href":"https:\/\/api.w.org\/{rel}","templated":true}]}}

Café-rencontre: Le trouble du spectre de l&rsquo;autisme (TSA) partie 2

<p><strong>Atelier en continuité de la partie 1 :  Le trouble du spectre de l’autisme (TSA)</strong></p>
<p><strong><em>Notez que les enseignants qui n’ont pas participé à la première partie peuvent se joindre à nous.</em></strong></p>
<p>L&rsquo;objectif sera de davantage explorer et partager autour des approches de soutien (dans un contexte individuel et de groupe) pour les personnes ayant un TSA.</p>
<p>&nbsp;</p>
<p>Veuillez inscrire votre nom dans ce Doodle pour nous signifier votre participation:</p>
<p><span style="color: #008080;"><a style="color: #008080;" href="https://doodle.com/meeting/participate/id/aK8qBOxb" target="_blank" rel="noopener">https://doodle.com/meeting/participate/id/aK8qBOxb</a></span></p>
<p>&nbsp;</p>
<p><span style="color: #ff0000;"><em>Les enseignants à taux horaire sont invités et seront rémunérés pour leur présence.</em></span></p>

<p>Atelier en continuité de la partie 1 :  Le trouble du spectre de l’autisme (TSA) Notez que les enseignants qui n’ont&hellip;</p>
