{"id":5008,"date":"2022-09-29T15:08:06","date_gmt":"2022-09-29T19:08:06","guid":{"rendered":"https:\/\/infocrep.cssdm.gouv.qc.ca\/enseignants\/?post_type=tribe_events&#038;p=5008"},"modified":"2022-09-29T16:07:38","modified_gmt":"2022-09-29T20:07:38","slug":"salon-de-lemploi-et-de-la-formation-continue-palais-des-congres-de-montreal","status":"publish","type":"tribe_events","link":"https:\/\/infocrep.cssdm.gouv.qc.ca\/enseignants\/event\/salon-de-lemploi-et-de-la-formation-continue-palais-des-congres-de-montreal\/","title":{"rendered":"Salon de l&#8217;emploi et de la formation continue &#8211; Palais des congr\u00e8s de Montr\u00e9al"},"content":{"rendered":"<h3>Participez au plus gros salon de l\u2019emploi!<\/h3>\n<p>Prenez le temps de rencontrer et d\u2019\u00e9changer avec des employeurs, des candidats, mais aussi des organismes pr\u00eats \u00e0 vous conseiller et \u00e0 vous aider dans vos d\u00e9marches de recherche d\u2019emplois. Que vous ayez une id\u00e9e pr\u00e9cise de l\u2019emploi de vos r\u00eaves ou une simple envie de d\u00e9couvrir de nouvelles opportunit\u00e9s professionnelles, vous avez deux jours pour explorer le salon.<\/p>\n<p>Le salon est organis\u00e9 par espace pour vous offrir la possibilit\u00e9 de d\u00e9couvrir au fur et \u00e0 mesure toute l\u2019\u00e9tendue de cet \u00e9v\u00e9nement de l\u2019emploi ou alors d\u2019organiser en amont votre visite. Vous pourrez aussi d\u00e9couvrir de multiples services et conf\u00e9rences gratuits pour vous aider dans votre recherche d\u2019emploi \u00e0 Montr\u00e9al.<\/p>\n<p>&nbsp;<\/p>\n<h4><span style=\"color: #008080;\"><a style=\"color: #008080;\" href=\"https:\/\/ecarrieres.com\/fr\/evenement\/\" target=\"_blank\" rel=\"noopener\">Cliquez ici pour acc\u00e9der au site du Salon de l&#8217;emploi<\/a><\/span><\/h4>\n<h4><span style=\"color: #008080;\"><a style=\"color: #008080;\" href=\"https:\/\/ecarrieres.com\/fr\/visite-de-groupe\/\" target=\"_blank\" rel=\"noopener\">Planifiez votre visite de groupe ici.<\/a><\/span><\/h4>\n<p>&nbsp;<\/p>\n","protected":false},"excerpt":{"rendered":"<p>Participez au plus gros salon de l\u2019emploi! Prenez le temps de rencontrer et d\u2019\u00e9changer avec des employeurs, des candidats, mais&hellip;<\/p>\n","protected":false},"author":2,"featured_media":5009,"comment_status":"closed","ping_status":"closed","template":"","meta":{"_tribe_events_status":"","_tribe_events_status_reason":"","footnotes":""},"tags":[],"tribe_events_cat":[29,27],"class_list":["post-5008","tribe_events","type-tribe_events","status-publish","has-post-thumbnail","hentry","tribe_events_cat-evenements-externes","tribe_events_cat-grand-public","cat_evenements-externes","cat_grand-public"],"_links":{"self":[{"href":"https:\/\/infocrep.cssdm.gouv.qc.ca\/enseignants\/wp-json\/wp\/v2\/tribe_events\/5008","targetHints":{"allow":["GET"]}}],"collection":[{"href":"https:\/\/infocrep.cssdm.gouv.qc.ca\/enseignants\/wp-json\/wp\/v2\/tribe_events"}],"about":[{"href":"https:\/\/infocrep.cssdm.gouv.qc.ca\/enseignants\/wp-json\/wp\/v2\/types\/tribe_events"}],"author":[{"embeddable":true,"href":"https:\/\/infocrep.cssdm.gouv.qc.ca\/enseignants\/wp-json\/wp\/v2\/users\/2"}],"replies":[{"embeddable":true,"href":"https:\/\/infocrep.cssdm.gouv.qc.ca\/enseignants\/wp-json\/wp\/v2\/comments?post=5008"}],"version-history":[{"count":1,"href":"https:\/\/infocrep.cssdm.gouv.qc.ca\/enseignants\/wp-json\/wp\/v2\/tribe_events\/5008\/revisions"}],"predecessor-version":[{"id":5010,"href":"https:\/\/infocrep.cssdm.gouv.qc.ca\/enseignants\/wp-json\/wp\/v2\/tribe_events\/5008\/revisions\/5010"}],"wp:featuredmedia":[{"embeddable":true,"href":"https:\/\/infocrep.cssdm.gouv.qc.ca\/enseignants\/wp-json\/wp\/v2\/media\/5009"}],"wp:attachment":[{"href":"https:\/\/infocrep.cssdm.gouv.qc.ca\/enseignants\/wp-json\/wp\/v2\/media?parent=5008"}],"wp:term":[{"taxonomy":"post_tag","embeddable":true,"href":"https:\/\/infocrep.cssdm.gouv.qc.ca\/enseignants\/wp-json\/wp\/v2\/tags?post=5008"},{"taxonomy":"tribe_events_cat","embeddable":true,"href":"https:\/\/infocrep.cssdm.gouv.qc.ca\/enseignants\/wp-json\/wp\/v2\/tribe_events_cat?post=5008"}],"curies":[{"name":"wp","href":"https:\/\/api.w.org\/{rel}","templated":true}]}}

Salon de l&#8217;emploi et de la formation continue &#8211; Palais des congrès de Montréal

<h3>Participez au plus gros salon de l’emploi!</h3>
<p>Prenez le temps de rencontrer et d’échanger avec des employeurs, des candidats, mais aussi des organismes prêts à vous conseiller et à vous aider dans vos démarches de recherche d’emplois. Que vous ayez une idée précise de l’emploi de vos rêves ou une simple envie de découvrir de nouvelles opportunités professionnelles, vous avez deux jours pour explorer le salon.</p>
<p>Le salon est organisé par espace pour vous offrir la possibilité de découvrir au fur et à mesure toute l’étendue de cet événement de l’emploi ou alors d’organiser en amont votre visite. Vous pourrez aussi découvrir de multiples services et conférences gratuits pour vous aider dans votre recherche d’emploi à Montréal.</p>
<p>&nbsp;</p>
<h4><span style="color: #008080;"><a style="color: #008080;" href="https://ecarrieres.com/fr/evenement/" target="_blank" rel="noopener">Cliquez ici pour accéder au site du Salon de l&#8217;emploi</a></span></h4>
<h4><span style="color: #008080;"><a style="color: #008080;" href="https://ecarrieres.com/fr/visite-de-groupe/" target="_blank" rel="noopener">Planifiez votre visite de groupe ici.</a></span></h4>
<p>&nbsp;</p>

<p>Participez au plus gros salon de l’emploi! Prenez le temps de rencontrer et d’échanger avec des employeurs, des candidats, mais&hellip;</p>
