{"id":4340,"date":"2022-04-03T19:51:07","date_gmt":"2022-04-03T23:51:07","guid":{"rendered":"https:\/\/infocrep.cssdm.gouv.qc.ca\/enseignants\/?post_type=tribe_events&#038;p=4340"},"modified":"2022-04-08T15:48:32","modified_gmt":"2022-04-08T19:48:32","slug":"atelier-sur-lapproche-motivationnelle-avec-joanie","status":"publish","type":"tribe_events","link":"https:\/\/infocrep.cssdm.gouv.qc.ca\/enseignants\/event\/atelier-sur-lapproche-motivationnelle-avec-joanie\/","title":{"rendered":"Atelier sur l\u2019approche motivationnelle avec Joanie &#8211; Report\u00e9 au 29 avril \u00e0 13h30"},"content":{"rendered":"<h2><span style=\"color: #ff0000;\"><strong>Changement de date<\/strong><\/span><\/h2>\n<p><strong><span style=\"color: #ff0000;\">L&rsquo;atelier sera offert le 29 avril de 13h30 \u00e0 15h30<\/span><\/strong><\/p>\n<p>&nbsp;<\/p>\n<p>Cet atelier de 2h00 vise \u00e0 d\u00e9couvrir l\u2019approche motivationnelle, soit une m\u00e9thode de communication collaborative ax\u00e9e sur l\u2019autod\u00e9termination de la personne afin d\u2019augmenter sa motivation intrins\u00e8que. Nous explorerons comment adapter notre communication \u00e0 travers les 4 processus de l\u2019entretien motivationnel en consid\u00e9rant les stades de changement, le pouvoir de l\u2019ambivalence et du discours-changement. Venez d\u00e9couvrir des outils concrets pour augmenter la motivation vers le changement de nos \u00e9l\u00e8ves.<\/p>\n<p><span style=\"color: #008080;\"><strong><a style=\"color: #008080;\" href=\"https:\/\/infocrep.cssdm.gouv.qc.ca\/enseignants\/event\/atelier-sur-lapproche-motivationnelle-avec-joanie-2\/\" target=\"_blank\" rel=\"noopener\">Cliquez sur ce lien pour obtenir les d\u00e9tails.<\/a><\/strong><\/span><\/p>\n<blockquote class=\"wp-embedded-content\" data-secret=\"cR20l4K1Q4\"><p><a href=\"https:\/\/infocrep.cssdm.gouv.qc.ca\/enseignants\/event\/atelier-sur-lapproche-motivationnelle-avec-joanie-2\/\">Atelier sur l\u2019approche motivationnelle avec Joanie<\/a><\/p><\/blockquote>\n<p><iframe class=\"wp-embedded-content\" sandbox=\"allow-scripts\" security=\"restricted\" style=\"position: absolute; clip: rect(1px, 1px, 1px, 1px);\" title=\"\u00ab\u00a0Atelier sur l\u2019approche motivationnelle avec Joanie\u00a0\u00bb &#8212; Portail du personnel\" src=\"https:\/\/infocrep.cssdm.gouv.qc.ca\/enseignants\/event\/atelier-sur-lapproche-motivationnelle-avec-joanie-2\/embed\/#?secret=cR20l4K1Q4\" data-secret=\"cR20l4K1Q4\" width=\"600\" height=\"338\" frameborder=\"0\" marginwidth=\"0\" marginheight=\"0\" scrolling=\"no\"><\/iframe><\/p>\n<p>&nbsp;<\/p>\n<p>&nbsp;<\/p>\n<p>&nbsp;<\/p>\n<p>&nbsp;<\/p>\n<p>&nbsp;<\/p>\n<p>&nbsp;<\/p>\n<p>&nbsp;<\/p>\n<p>&nbsp;<\/p>\n","protected":false},"excerpt":{"rendered":"<p>Changement de date L&rsquo;atelier sera offert le 29 avril de 13h30 \u00e0 15h30 &nbsp; Cet atelier de 2h00 vise \u00e0&hellip;<\/p>\n","protected":false},"author":2,"featured_media":0,"comment_status":"closed","ping_status":"closed","template":"","meta":{"_tribe_events_status":"","_tribe_events_status_reason":"","footnotes":""},"tags":[],"tribe_events_cat":[28],"class_list":["post-4340","tribe_events","type-tribe_events","status-publish","hentry","tribe_events_cat-rencontres-et-formations","cat_rencontres-et-formations"],"_links":{"self":[{"href":"https:\/\/infocrep.cssdm.gouv.qc.ca\/enseignants\/wp-json\/wp\/v2\/tribe_events\/4340","targetHints":{"allow":["GET"]}}],"collection":[{"href":"https:\/\/infocrep.cssdm.gouv.qc.ca\/enseignants\/wp-json\/wp\/v2\/tribe_events"}],"about":[{"href":"https:\/\/infocrep.cssdm.gouv.qc.ca\/enseignants\/wp-json\/wp\/v2\/types\/tribe_events"}],"author":[{"embeddable":true,"href":"https:\/\/infocrep.cssdm.gouv.qc.ca\/enseignants\/wp-json\/wp\/v2\/users\/2"}],"replies":[{"embeddable":true,"href":"https:\/\/infocrep.cssdm.gouv.qc.ca\/enseignants\/wp-json\/wp\/v2\/comments?post=4340"}],"version-history":[{"count":6,"href":"https:\/\/infocrep.cssdm.gouv.qc.ca\/enseignants\/wp-json\/wp\/v2\/tribe_events\/4340\/revisions"}],"predecessor-version":[{"id":4378,"href":"https:\/\/infocrep.cssdm.gouv.qc.ca\/enseignants\/wp-json\/wp\/v2\/tribe_events\/4340\/revisions\/4378"}],"wp:attachment":[{"href":"https:\/\/infocrep.cssdm.gouv.qc.ca\/enseignants\/wp-json\/wp\/v2\/media?parent=4340"}],"wp:term":[{"taxonomy":"post_tag","embeddable":true,"href":"https:\/\/infocrep.cssdm.gouv.qc.ca\/enseignants\/wp-json\/wp\/v2\/tags?post=4340"},{"taxonomy":"tribe_events_cat","embeddable":true,"href":"https:\/\/infocrep.cssdm.gouv.qc.ca\/enseignants\/wp-json\/wp\/v2\/tribe_events_cat?post=4340"}],"curies":[{"name":"wp","href":"https:\/\/api.w.org\/{rel}","templated":true}]}}

Atelier sur l’approche motivationnelle avec Joanie &#8211; Reporté au 29 avril à 13h30

<h2><span style="color: #ff0000;"><strong>Changement de date</strong></span></h2>
<p><strong><span style="color: #ff0000;">L&rsquo;atelier sera offert le 29 avril de 13h30 à 15h30</span></strong></p>
<p>&nbsp;</p>
<p>Cet atelier de 2h00 vise à découvrir l’approche motivationnelle, soit une méthode de communication collaborative axée sur l’autodétermination de la personne afin d’augmenter sa motivation intrinsèque. Nous explorerons comment adapter notre communication à travers les 4 processus de l’entretien motivationnel en considérant les stades de changement, le pouvoir de l’ambivalence et du discours-changement. Venez découvrir des outils concrets pour augmenter la motivation vers le changement de nos élèves.</p>
<p><span style="color: #008080;"><strong><a style="color: #008080;" href="https://infocrep.cssdm.gouv.qc.ca/enseignants/event/atelier-sur-lapproche-motivationnelle-avec-joanie-2/" target="_blank" rel="noopener">Cliquez sur ce lien pour obtenir les détails.</a></strong></span></p>
<blockquote class="wp-embedded-content" data-secret="cR20l4K1Q4"><p><a href="https://infocrep.cssdm.gouv.qc.ca/enseignants/event/atelier-sur-lapproche-motivationnelle-avec-joanie-2/">Atelier sur l’approche motivationnelle avec Joanie</a></p></blockquote>
<p><iframe class="wp-embedded-content" sandbox="allow-scripts" security="restricted" style="position: absolute; clip: rect(1px, 1px, 1px, 1px);" title="« Atelier sur l’approche motivationnelle avec Joanie » &#8212; Portail du personnel" src="https://infocrep.cssdm.gouv.qc.ca/enseignants/event/atelier-sur-lapproche-motivationnelle-avec-joanie-2/embed/#?secret=cR20l4K1Q4" data-secret="cR20l4K1Q4" width="600" height="338" frameborder="0" marginwidth="0" marginheight="0" scrolling="no"></iframe></p>
<p>&nbsp;</p>
<p>&nbsp;</p>
<p>&nbsp;</p>
<p>&nbsp;</p>
<p>&nbsp;</p>
<p>&nbsp;</p>
<p>&nbsp;</p>
<p>&nbsp;</p>

<p>Changement de date L&rsquo;atelier sera offert le 29 avril de 13h30 à 15h30 &nbsp; Cet atelier de 2h00 vise à&hellip;</p>
