{"id":10117,"date":"2025-08-20T11:58:18","date_gmt":"2025-08-20T15:58:18","guid":{"rendered":"https:\/\/infocrep.cssdm.gouv.qc.ca\/enseignants\/?post_type=tribe_events&#038;p=10117"},"modified":"2025-11-20T13:28:46","modified_gmt":"2025-11-20T18:28:46","slug":"fete-de-noel-du-crep-3","status":"publish","type":"tribe_events","link":"https:\/\/infocrep.cssdm.gouv.qc.ca\/enseignants\/event\/fete-de-noel-du-crep-3\/","title":{"rendered":"F\u00eate de No\u00ebl du CREP"},"content":{"rendered":"<p>\u00c7a y est, le temps des f\u00eates arrive bient\u00f4t au CREP ! Joignez-vous \u00e0 nous pour une soir\u00e9e anim\u00e9e, remplie de jeux, de karaok\u00e9, de rires et d\u2019un d\u00e9licieux repas partag\u00e9. Une belle occasion de se retrouver et d\u2019avoir du plaisir en \u00e9quipe !<\/p>\n<p>\ud83d\udcc5\u00a0<strong>Date : le jeudi 11 d\u00e9cembre<\/strong><br \/>\n<strong>\ud83d\udd52\u00a0Heure : D\u00e8s 16h pour partager un verre de punch offert par le CREP<\/strong><br \/>\n<strong>\ud83d\udccd\u00a0Lieu : Au CREP, 5100 rue Sherbrooke au 9e \u00e9tage<\/strong><br \/>\n<strong>\ud83c\udf7d\ufe0f\u00a0Service du souper: 18h\u00a0<\/strong><\/p>\n<p>Pour faciliter l\u2019organisation, <span style=\"color: #008080;\"><a id=\"menur14hd\" class=\"fui-Link ___1q1shib f2hkw1w f3rmtva f1ewtqcl fyind8e f1k6fduh f1w7gpdv fk6fouc fjoy568 figsok6 f1s184ao f1mk8lai fnbmjn9 f1o700av f13mvf36 f1cmlufx f9n3di6 f1ids18y f1tx3yz7 f1deo86v f1eh06m1 f1iescvh fhgqx19 f1olyrje f1p93eir f1nev41a f1h8hb77 f1lqvz6u f10aw75t fsle3fq f17ae5zn\" style=\"color: #008080;\" title=\"https:\/\/forms.office.com\/pages\/responsepage.aspx?id=0blmbddgi0qsfsvduuexh5e09qie9htgtxk7xcro5s1umujprfi2oezvqupntzzswfo0uvlbodbloc4u\" href=\"https:\/\/forms.office.com\/Pages\/ResponsePage.aspx?id=0bLmbDdGI0qsfSVDuUeXH5E09QIE9htGtxK7XCro5S1UMUJPRFI2OEZVQUpNTzZSWFo0UVlBODBLOC4u\" target=\"_blank\" rel=\"noreferrer noopener\" aria-label=\"Lien merci de bien vouloir confirmer votre pr\u00e9sence en remplissant le\u00a0formulaire en ligne ICI au\u00a0plus tard le vendredi 5 d\u00e9cembre.\"><strong>merci de bien vouloir confirmer votre pr\u00e9sence en remplissant le\u00a0formulaire en ligne ICI au\u00a0plus tard le <\/strong><strong>vendredi 5 d\u00e9cembre.<\/strong><\/a><strong>\u00a0<\/strong><\/span>Vous y trouverez \u00e9galement le choix de menu pour votre plat principal du restaurant Piri Piri\u00a0:<\/p>\n<ul>\n<li>1\/4 de poulet ou;<\/li>\n<li>Brochette v\u00e9g\u00e9tarienne au tofu<\/li>\n<\/ul>\n<p>Les repas seront servis avec\u00a0riz, patate au four \u00e0 la portugaise, salade du chef, un petit pain et une tartelette natas.\u00a0Des grignotines ainsi qu\u2019un punch vous seront offerts avant le repas.\u00a0<strong>Une contribution de 20$ par personne vous est demand\u00e9e. Merci de remettre le montant \u00e0 Sylvie Desjardins au plus tard le vendredi 5 d\u00e9cembre.<\/strong><\/p>\n<p>Apportez votre boisson alcoolis\u00e9e si vous le d\u00e9sirez. Nous avons h\u00e2te de passer cette soir\u00e9e avec vous !<\/p>\n<p>\u00c0 tr\u00e8s bient\u00f4t!<\/p>\n<p><img fetchpriority=\"high\" decoding=\"async\" class=\"alignnone size-medium wp-image-10607\" src=\"https:\/\/infocrep.cssdm.gouv.qc.ca\/enseignants\/wp-content\/uploads\/sites\/6\/2025\/08\/noel-2-300x172.png\" alt=\"\" width=\"300\" height=\"172\" srcset=\"https:\/\/infocrep.cssdm.gouv.qc.ca\/enseignants\/wp-content\/uploads\/sites\/6\/2025\/08\/noel-2-300x172.png 300w, https:\/\/infocrep.cssdm.gouv.qc.ca\/enseignants\/wp-content\/uploads\/sites\/6\/2025\/08\/noel-2-150x86.png 150w, https:\/\/infocrep.cssdm.gouv.qc.ca\/enseignants\/wp-content\/uploads\/sites\/6\/2025\/08\/noel-2.png 627w\" sizes=\"(max-width: 300px) 100vw, 300px\" \/><\/p>\n","protected":false},"excerpt":{"rendered":"<p>\u00c7a y est, le temps des f\u00eates arrive bient\u00f4t au CREP ! Joignez-vous \u00e0 nous pour une soir\u00e9e anim\u00e9e, remplie&hellip;<\/p>\n","protected":false},"author":2,"featured_media":0,"comment_status":"closed","ping_status":"closed","template":"","meta":{"_tribe_events_status":"","_tribe_events_status_reason":"","footnotes":""},"tags":[],"tribe_events_cat":[],"class_list":["post-10117","tribe_events","type-tribe_events","status-publish","hentry"],"_links":{"self":[{"href":"https:\/\/infocrep.cssdm.gouv.qc.ca\/enseignants\/wp-json\/wp\/v2\/tribe_events\/10117","targetHints":{"allow":["GET"]}}],"collection":[{"href":"https:\/\/infocrep.cssdm.gouv.qc.ca\/enseignants\/wp-json\/wp\/v2\/tribe_events"}],"about":[{"href":"https:\/\/infocrep.cssdm.gouv.qc.ca\/enseignants\/wp-json\/wp\/v2\/types\/tribe_events"}],"author":[{"embeddable":true,"href":"https:\/\/infocrep.cssdm.gouv.qc.ca\/enseignants\/wp-json\/wp\/v2\/users\/2"}],"replies":[{"embeddable":true,"href":"https:\/\/infocrep.cssdm.gouv.qc.ca\/enseignants\/wp-json\/wp\/v2\/comments?post=10117"}],"version-history":[{"count":3,"href":"https:\/\/infocrep.cssdm.gouv.qc.ca\/enseignants\/wp-json\/wp\/v2\/tribe_events\/10117\/revisions"}],"predecessor-version":[{"id":10608,"href":"https:\/\/infocrep.cssdm.gouv.qc.ca\/enseignants\/wp-json\/wp\/v2\/tribe_events\/10117\/revisions\/10608"}],"wp:attachment":[{"href":"https:\/\/infocrep.cssdm.gouv.qc.ca\/enseignants\/wp-json\/wp\/v2\/media?parent=10117"}],"wp:term":[{"taxonomy":"post_tag","embeddable":true,"href":"https:\/\/infocrep.cssdm.gouv.qc.ca\/enseignants\/wp-json\/wp\/v2\/tags?post=10117"},{"taxonomy":"tribe_events_cat","embeddable":true,"href":"https:\/\/infocrep.cssdm.gouv.qc.ca\/enseignants\/wp-json\/wp\/v2\/tribe_events_cat?post=10117"}],"curies":[{"name":"wp","href":"https:\/\/api.w.org\/{rel}","templated":true}]}}

Fête de Noël du CREP

<p>Ça y est, le temps des fêtes arrive bientôt au CREP ! Joignez-vous à nous pour une soirée animée, remplie de jeux, de karaoké, de rires et d’un délicieux repas partagé. Une belle occasion de se retrouver et d’avoir du plaisir en équipe !</p>
<p>📅 <strong>Date : le jeudi 11 décembre</strong><br />
<strong>🕒 Heure : Dès 16h pour partager un verre de punch offert par le CREP</strong><br />
<strong>📍 Lieu : Au CREP, 5100 rue Sherbrooke au 9e étage</strong><br />
<strong>🍽️ Service du souper: 18h </strong></p>
<p>Pour faciliter l’organisation, <span style="color: #008080;"><a id="menur14hd" class="fui-Link ___1q1shib f2hkw1w f3rmtva f1ewtqcl fyind8e f1k6fduh f1w7gpdv fk6fouc fjoy568 figsok6 f1s184ao f1mk8lai fnbmjn9 f1o700av f13mvf36 f1cmlufx f9n3di6 f1ids18y f1tx3yz7 f1deo86v f1eh06m1 f1iescvh fhgqx19 f1olyrje f1p93eir f1nev41a f1h8hb77 f1lqvz6u f10aw75t fsle3fq f17ae5zn" style="color: #008080;" title="https://forms.office.com/pages/responsepage.aspx?id=0blmbddgi0qsfsvduuexh5e09qie9htgtxk7xcro5s1umujprfi2oezvqupntzzswfo0uvlbodbloc4u" href="https://forms.office.com/Pages/ResponsePage.aspx?id=0bLmbDdGI0qsfSVDuUeXH5E09QIE9htGtxK7XCro5S1UMUJPRFI2OEZVQUpNTzZSWFo0UVlBODBLOC4u" target="_blank" rel="noreferrer noopener" aria-label="Lien merci de bien vouloir confirmer votre présence en remplissant le formulaire en ligne ICI au plus tard le vendredi 5 décembre."><strong>merci de bien vouloir confirmer votre présence en remplissant le formulaire en ligne ICI au plus tard le </strong><strong>vendredi 5 décembre.</strong></a><strong> </strong></span>Vous y trouverez également le choix de menu pour votre plat principal du restaurant Piri Piri :</p>
<ul>
<li>1/4 de poulet ou;</li>
<li>Brochette végétarienne au tofu</li>
</ul>
<p>Les repas seront servis avec riz, patate au four à la portugaise, salade du chef, un petit pain et une tartelette natas. Des grignotines ainsi qu’un punch vous seront offerts avant le repas. <strong>Une contribution de 20$ par personne vous est demandée. Merci de remettre le montant à Sylvie Desjardins au plus tard le vendredi 5 décembre.</strong></p>
<p>Apportez votre boisson alcoolisée si vous le désirez. Nous avons hâte de passer cette soirée avec vous !</p>
<p>À très bientôt!</p>
<p><img fetchpriority="high" decoding="async" class="alignnone size-medium wp-image-10607" src="https://infocrep.cssdm.gouv.qc.ca/enseignants/wp-content/uploads/sites/6/2025/08/noel-2-300x172.png" alt="" width="300" height="172" srcset="https://infocrep.cssdm.gouv.qc.ca/enseignants/wp-content/uploads/sites/6/2025/08/noel-2-300x172.png 300w, https://infocrep.cssdm.gouv.qc.ca/enseignants/wp-content/uploads/sites/6/2025/08/noel-2-150x86.png 150w, https://infocrep.cssdm.gouv.qc.ca/enseignants/wp-content/uploads/sites/6/2025/08/noel-2.png 627w" sizes="(max-width: 300px) 100vw, 300px" /></p>

<p>Ça y est, le temps des fêtes arrive bientôt au CREP ! Joignez-vous à nous pour une soirée animée, remplie&hellip;</p>
