{"id":582,"date":"2023-01-18T18:10:20","date_gmt":"2023-01-18T17:10:20","guid":{"rendered":"https:\/\/infocrep.cssdm.gouv.qc.ca\/creptransition\/?page_id=582"},"modified":"2025-03-27T15:32:03","modified_gmt":"2025-03-27T19:32:03","slug":"comment-peux-tu-obtenir-des-unites","status":"publish","type":"page","link":"https:\/\/infocrep.cssdm.gouv.qc.ca\/creptransition\/comment-peux-tu-obtenir-des-unites\/","title":{"rendered":"Comment peux-tu obtenir des unit\u00e9s"},"content":{"rendered":"<p>Notre enseignant(e) t\u2019accompagnera \u00e0 acqu\u00e9rir les savoirs essentiels du programme d\u2019<em>Engagement vers la r\u00e9ussite<\/em> du minist\u00e8re de l&rsquo;\u00c9ducation qui sont en lien avec ta transition scolaire. Selon tes objectifs et ton cheminement, elle pourra \u00e9valuer tes acquis et tu auras ainsi la possibilit\u00e9 de cumuler de une \u00e0 cinq unit\u00e9s de cinqui\u00e8me secondaire.<\/p>\n<p>&nbsp;<\/p>\n<p><img loading=\"lazy\" decoding=\"async\" class=\"aligncenter wp-image-861\" src=\"https:\/\/infocrep.cssdm.gouv.qc.ca\/creptransition\/wp-content\/uploads\/sites\/10\/2023\/02\/Unites.jpg\" alt=\"Transition scolaire, soutien aux \u00e9tudes, soutien \u00e0 l'\u00e9cole\" width=\"1153\" height=\"649\" srcset=\"https:\/\/infocrep.cssdm.gouv.qc.ca\/creptransition\/wp-content\/uploads\/sites\/10\/2023\/02\/Unites.jpg 1920w, https:\/\/infocrep.cssdm.gouv.qc.ca\/creptransition\/wp-content\/uploads\/sites\/10\/2023\/02\/Unites-300x169.jpg 300w, https:\/\/infocrep.cssdm.gouv.qc.ca\/creptransition\/wp-content\/uploads\/sites\/10\/2023\/02\/Unites-1024x576.jpg 1024w, https:\/\/infocrep.cssdm.gouv.qc.ca\/creptransition\/wp-content\/uploads\/sites\/10\/2023\/02\/Unites-768x432.jpg 768w, https:\/\/infocrep.cssdm.gouv.qc.ca\/creptransition\/wp-content\/uploads\/sites\/10\/2023\/02\/Unites-1536x864.jpg 1536w\" sizes=\"auto, (max-width: 1153px) 100vw, 1153px\" \/><\/p>\n","protected":false},"excerpt":{"rendered":"<p>Notre enseignant(e) t\u2019accompagnera \u00e0 acqu\u00e9rir les savoirs essentiels du programme d\u2019Engagement vers la r\u00e9ussite du minist\u00e8re de l&rsquo;\u00c9ducation qui sont en lien avec ta transition scolaire. Selon tes objectifs et&hellip; <br \/> <a class=\"read-more\" href=\"https:\/\/infocrep.cssdm.gouv.qc.ca\/creptransition\/comment-peux-tu-obtenir-des-unites\/\">Lire la suite<\/a><\/p>\n","protected":false},"author":2,"featured_media":0,"parent":0,"menu_order":0,"comment_status":"closed","ping_status":"closed","template":"page-templates\/homepage.php","meta":{"footnotes":""},"class_list":["post-582","page","type-page","status-publish","hentry"],"yoast_head":"<title>Comment peux-tu obtenir des unit\u00e9s - CREP Transition<\/title>\r\n<meta name=\"robots\" content=\"index, follow, max-snippet:-1, max-image-preview:large, max-video-preview:-1\" \/>\r\n<link rel=\"canonical\" href=\"https:\/\/infocrep.cssdm.gouv.qc.ca\/creptransition\/comment-peux-tu-obtenir-des-unites\/\" \/>\r\n<meta property=\"og:locale\" content=\"fr_FR\" \/>\r\n<meta property=\"og:type\" content=\"article\" \/>\r\n<meta property=\"og:title\" content=\"Comment peux-tu obtenir des unit\u00e9s - CREP Transition\" \/>\r\n<meta property=\"og:description\" content=\"Notre enseignant(e) t\u2019accompagnera \u00e0 acqu\u00e9rir les savoirs essentiels du programme d\u2019Engagement vers la r\u00e9ussite du minist\u00e8re de l&rsquo;\u00c9ducation qui sont en lien avec ta transition scolaire. Selon tes objectifs et&hellip; Lire la suite\" \/>\r\n<meta property=\"og:url\" content=\"https:\/\/infocrep.cssdm.gouv.qc.ca\/creptransition\/comment-peux-tu-obtenir-des-unites\/\" \/>\r\n<meta property=\"og:site_name\" content=\"CREP Transition\" \/>\r\n<meta property=\"article:modified_time\" content=\"2025-03-27T19:32:03+00:00\" \/>\r\n<meta property=\"og:image\" content=\"https:\/\/infocrep.cssdm.gouv.qc.ca\/creptransition\/wp-content\/uploads\/sites\/10\/2023\/02\/Unites.jpg\" \/>\r\n\t<meta property=\"og:image:width\" content=\"1920\" \/>\r\n\t<meta property=\"og:image:height\" content=\"1080\" \/>\r\n\t<meta property=\"og:image:type\" content=\"image\/jpeg\" \/>\r\n<meta name=\"twitter:card\" content=\"summary_large_image\" \/>\r\n<script type=\"application\/ld+json\" class=\"yoast-schema-graph\">{\"@context\":\"https:\/\/schema.org\",\"@graph\":[{\"@type\":\"WebPage\",\"@id\":\"https:\/\/infocrep.cssdm.gouv.qc.ca\/creptransition\/comment-peux-tu-obtenir-des-unites\/\",\"url\":\"https:\/\/infocrep.cssdm.gouv.qc.ca\/creptransition\/comment-peux-tu-obtenir-des-unites\/\",\"name\":\"Comment peux-tu obtenir des unit\u00e9s - CREP Transition\",\"isPartOf\":{\"@id\":\"https:\/\/infocrep.cssdm.gouv.qc.ca\/creptransition\/#website\"},\"primaryImageOfPage\":{\"@id\":\"https:\/\/infocrep.cssdm.gouv.qc.ca\/creptransition\/comment-peux-tu-obtenir-des-unites\/#primaryimage\"},\"image\":{\"@id\":\"https:\/\/infocrep.cssdm.gouv.qc.ca\/creptransition\/comment-peux-tu-obtenir-des-unites\/#primaryimage\"},\"thumbnailUrl\":\"https:\/\/infocrep.cssdm.gouv.qc.ca\/creptransition\/wp-content\/uploads\/sites\/10\/2023\/02\/Unites.jpg\",\"datePublished\":\"2023-01-18T17:10:20+00:00\",\"dateModified\":\"2025-03-27T19:32:03+00:00\",\"breadcrumb\":{\"@id\":\"https:\/\/infocrep.cssdm.gouv.qc.ca\/creptransition\/comment-peux-tu-obtenir-des-unites\/#breadcrumb\"},\"inLanguage\":\"fr-FR\",\"potentialAction\":[{\"@type\":\"ReadAction\",\"target\":[\"https:\/\/infocrep.cssdm.gouv.qc.ca\/creptransition\/comment-peux-tu-obtenir-des-unites\/\"]}]},{\"@type\":\"ImageObject\",\"inLanguage\":\"fr-FR\",\"@id\":\"https:\/\/infocrep.cssdm.gouv.qc.ca\/creptransition\/comment-peux-tu-obtenir-des-unites\/#primaryimage\",\"url\":\"https:\/\/infocrep.cssdm.gouv.qc.ca\/creptransition\/wp-content\/uploads\/sites\/10\/2023\/02\/Unites.jpg\",\"contentUrl\":\"https:\/\/infocrep.cssdm.gouv.qc.ca\/creptransition\/wp-content\/uploads\/sites\/10\/2023\/02\/Unites.jpg\",\"width\":1920,\"height\":1080,\"caption\":\"Transition scolaire, soutien aux \u00e9tudes, soutien \u00e0 l'\u00e9cole\"},{\"@type\":\"BreadcrumbList\",\"@id\":\"https:\/\/infocrep.cssdm.gouv.qc.ca\/creptransition\/comment-peux-tu-obtenir-des-unites\/#breadcrumb\",\"itemListElement\":[{\"@type\":\"ListItem\",\"position\":1,\"name\":\"Accueil\",\"item\":\"https:\/\/infocrep.cssdm.gouv.qc.ca\/creptransition\/\"},{\"@type\":\"ListItem\",\"position\":2,\"name\":\"Comment peux-tu obtenir des unit\u00e9s\"}]},{\"@type\":\"WebSite\",\"@id\":\"https:\/\/infocrep.cssdm.gouv.qc.ca\/creptransition\/#website\",\"url\":\"https:\/\/infocrep.cssdm.gouv.qc.ca\/creptransition\/\",\"name\":\"CREP Transition\",\"description\":\"Un service personnalis\u00e9 vers ta r\u00e9ussite !\",\"potentialAction\":[{\"@type\":\"SearchAction\",\"target\":{\"@type\":\"EntryPoint\",\"urlTemplate\":\"https:\/\/infocrep.cssdm.gouv.qc.ca\/creptransition\/?s={search_term_string}\"},\"query-input\":{\"@type\":\"PropertyValueSpecification\",\"valueRequired\":true,\"valueName\":\"search_term_string\"}}],\"inLanguage\":\"fr-FR\"}]}<\/script>","yoast_head_json":{"title":"Comment peux-tu obtenir des unit\u00e9s - CREP Transition","robots":{"index":"index","follow":"follow","max-snippet":"max-snippet:-1","max-image-preview":"max-image-preview:large","max-video-preview":"max-video-preview:-1"},"canonical":"https:\/\/infocrep.cssdm.gouv.qc.ca\/creptransition\/comment-peux-tu-obtenir-des-unites\/","og_locale":"fr_FR","og_type":"article","og_title":"Comment peux-tu obtenir des unit\u00e9s - CREP Transition","og_description":"Notre enseignant(e) t\u2019accompagnera \u00e0 acqu\u00e9rir les savoirs essentiels du programme d\u2019Engagement vers la r\u00e9ussite du minist\u00e8re de l&rsquo;\u00c9ducation qui sont en lien avec ta transition scolaire. Selon tes objectifs et&hellip; Lire la suite","og_url":"https:\/\/infocrep.cssdm.gouv.qc.ca\/creptransition\/comment-peux-tu-obtenir-des-unites\/","og_site_name":"CREP Transition","article_modified_time":"2025-03-27T19:32:03+00:00","og_image":[{"width":1920,"height":1080,"url":"https:\/\/infocrep.cssdm.gouv.qc.ca\/creptransition\/wp-content\/uploads\/sites\/10\/2023\/02\/Unites.jpg","type":"image\/jpeg"}],"twitter_card":"summary_large_image","schema":{"@context":"https:\/\/schema.org","@graph":[{"@type":"WebPage","@id":"https:\/\/infocrep.cssdm.gouv.qc.ca\/creptransition\/comment-peux-tu-obtenir-des-unites\/","url":"https:\/\/infocrep.cssdm.gouv.qc.ca\/creptransition\/comment-peux-tu-obtenir-des-unites\/","name":"Comment peux-tu obtenir des unit\u00e9s - CREP Transition","isPartOf":{"@id":"https:\/\/infocrep.cssdm.gouv.qc.ca\/creptransition\/#website"},"primaryImageOfPage":{"@id":"https:\/\/infocrep.cssdm.gouv.qc.ca\/creptransition\/comment-peux-tu-obtenir-des-unites\/#primaryimage"},"image":{"@id":"https:\/\/infocrep.cssdm.gouv.qc.ca\/creptransition\/comment-peux-tu-obtenir-des-unites\/#primaryimage"},"thumbnailUrl":"https:\/\/infocrep.cssdm.gouv.qc.ca\/creptransition\/wp-content\/uploads\/sites\/10\/2023\/02\/Unites.jpg","datePublished":"2023-01-18T17:10:20+00:00","dateModified":"2025-03-27T19:32:03+00:00","breadcrumb":{"@id":"https:\/\/infocrep.cssdm.gouv.qc.ca\/creptransition\/comment-peux-tu-obtenir-des-unites\/#breadcrumb"},"inLanguage":"fr-FR","potentialAction":[{"@type":"ReadAction","target":["https:\/\/infocrep.cssdm.gouv.qc.ca\/creptransition\/comment-peux-tu-obtenir-des-unites\/"]}]},{"@type":"ImageObject","inLanguage":"fr-FR","@id":"https:\/\/infocrep.cssdm.gouv.qc.ca\/creptransition\/comment-peux-tu-obtenir-des-unites\/#primaryimage","url":"https:\/\/infocrep.cssdm.gouv.qc.ca\/creptransition\/wp-content\/uploads\/sites\/10\/2023\/02\/Unites.jpg","contentUrl":"https:\/\/infocrep.cssdm.gouv.qc.ca\/creptransition\/wp-content\/uploads\/sites\/10\/2023\/02\/Unites.jpg","width":1920,"height":1080,"caption":"Transition scolaire, soutien aux \u00e9tudes, soutien \u00e0 l'\u00e9cole"},{"@type":"BreadcrumbList","@id":"https:\/\/infocrep.cssdm.gouv.qc.ca\/creptransition\/comment-peux-tu-obtenir-des-unites\/#breadcrumb","itemListElement":[{"@type":"ListItem","position":1,"name":"Accueil","item":"https:\/\/infocrep.cssdm.gouv.qc.ca\/creptransition\/"},{"@type":"ListItem","position":2,"name":"Comment peux-tu obtenir des unit\u00e9s"}]},{"@type":"WebSite","@id":"https:\/\/infocrep.cssdm.gouv.qc.ca\/creptransition\/#website","url":"https:\/\/infocrep.cssdm.gouv.qc.ca\/creptransition\/","name":"CREP Transition","description":"Un service personnalis\u00e9 vers ta r\u00e9ussite !","potentialAction":[{"@type":"SearchAction","target":{"@type":"EntryPoint","urlTemplate":"https:\/\/infocrep.cssdm.gouv.qc.ca\/creptransition\/?s={search_term_string}"},"query-input":{"@type":"PropertyValueSpecification","valueRequired":true,"valueName":"search_term_string"}}],"inLanguage":"fr-FR"}]}},"_links":{"self":[{"href":"https:\/\/infocrep.cssdm.gouv.qc.ca\/creptransition\/wp-json\/wp\/v2\/pages\/582","targetHints":{"allow":["GET"]}}],"collection":[{"href":"https:\/\/infocrep.cssdm.gouv.qc.ca\/creptransition\/wp-json\/wp\/v2\/pages"}],"about":[{"href":"https:\/\/infocrep.cssdm.gouv.qc.ca\/creptransition\/wp-json\/wp\/v2\/types\/page"}],"author":[{"embeddable":true,"href":"https:\/\/infocrep.cssdm.gouv.qc.ca\/creptransition\/wp-json\/wp\/v2\/users\/2"}],"replies":[{"embeddable":true,"href":"https:\/\/infocrep.cssdm.gouv.qc.ca\/creptransition\/wp-json\/wp\/v2\/comments?post=582"}],"version-history":[{"count":4,"href":"https:\/\/infocrep.cssdm.gouv.qc.ca\/creptransition\/wp-json\/wp\/v2\/pages\/582\/revisions"}],"predecessor-version":[{"id":862,"href":"https:\/\/infocrep.cssdm.gouv.qc.ca\/creptransition\/wp-json\/wp\/v2\/pages\/582\/revisions\/862"}],"wp:attachment":[{"href":"https:\/\/infocrep.cssdm.gouv.qc.ca\/creptransition\/wp-json\/wp\/v2\/media?parent=582"}],"curies":[{"name":"wp","href":"https:\/\/api.w.org\/{rel}","templated":true}]}}