{"id":476,"date":"2023-01-17T04:07:28","date_gmt":"2023-01-17T03:07:28","guid":{"rendered":"https:\/\/infocrep.cssdm.gouv.qc.ca\/creptransition\/?page_id=476"},"modified":"2025-03-27T15:32:11","modified_gmt":"2025-03-27T19:32:11","slug":"en-controle-de-ta-reussite","status":"publish","type":"page","link":"https:\/\/infocrep.cssdm.gouv.qc.ca\/creptransition\/en-controle-de-ta-reussite\/","title":{"rendered":"En contr\u00f4le de ta r\u00e9ussite\u00a0!"},"content":{"rendered":"<p>En r\u00e9sum\u00e9, voici ce que tu peux gagner \u00e0 travers notre accompagnement :<\/p>\n<ul>\n<li>Augmenter ta motivation scolaire<\/li>\n<li>Avoir confiance en tes capacit\u00e9s d\u2019apprendre<\/li>\n<li>D\u00e9terminer des conditions favorables \u00e0 ta r\u00e9ussite<\/li>\n<li>D\u00e9couvrir tes forces pour te projeter dans ton avenir<\/li>\n<li>T\u2019approprier des strat\u00e9gies d\u2019apprentissage efficace pour toi<\/li>\n<li>Donner du sens \u00e0 tes apprentissages<\/li>\n<li>Savoir comment te pr\u00e9parer \u00e0 tes \u00e9valuations et examens<\/li>\n<li>D\u00e9velopper ta confiance en toi et savoir comment contr\u00f4ler ton stress face \u00e0 l\u2019\u00e9valuation<\/li>\n<li>D\u00e9couvrir que tu peux avoir du plaisir \u00e0 apprendre<\/li>\n<li>Connaitre les ressources disponibles pour toi tant \u00e0 l\u2019int\u00e9rieur qu\u2019\u00e0 l\u2019ext\u00e9rieur de ton \u00e9cole ou centre de formation<\/li>\n<li>D\u00e9velopper un regard positif sur ton retour aux \u00e9tudes ou de sa poursuite<\/li>\n<li>\u00catre en mesure de prendre en charge tes apprentissages et de t\u2019investir dans ta r\u00e9ussite<\/li>\n<li>Comprendre l\u2019importance de la pers\u00e9v\u00e9rance<\/li>\n<li>Avoir une meilleure connaissance des possibilit\u00e9s offertes \u00e0 l\u2019\u00e9ducation des adultes<\/li>\n<\/ul>\n<p>Rien \u00e0 perdre, tout \u00e0 gagner! <strong><a href=\"https:\/\/infocrep.cssdm.gouv.qc.ca\/transition\/formulaire\" target=\"_blank\" rel=\"noopener\">Fais ta demande d&rsquo;accompagnement ici!<\/a><\/strong><\/p>\n<p>&nbsp;<\/p>\n<p><img loading=\"lazy\" decoding=\"async\" class=\"alignnone wp-image-856 size-full\" src=\"https:\/\/infocrep.cssdm.gouv.qc.ca\/creptransition\/wp-content\/uploads\/sites\/10\/2023\/02\/Design-sans-titre.png\" alt=\"probl\u00e8me scolaire, d\u00e9crochage, sant\u00e9 mentale \" width=\"1920\" height=\"1080\" srcset=\"https:\/\/infocrep.cssdm.gouv.qc.ca\/creptransition\/wp-content\/uploads\/sites\/10\/2023\/02\/Design-sans-titre.png 1920w, https:\/\/infocrep.cssdm.gouv.qc.ca\/creptransition\/wp-content\/uploads\/sites\/10\/2023\/02\/Design-sans-titre-300x169.png 300w, https:\/\/infocrep.cssdm.gouv.qc.ca\/creptransition\/wp-content\/uploads\/sites\/10\/2023\/02\/Design-sans-titre-1024x576.png 1024w, https:\/\/infocrep.cssdm.gouv.qc.ca\/creptransition\/wp-content\/uploads\/sites\/10\/2023\/02\/Design-sans-titre-768x432.png 768w, https:\/\/infocrep.cssdm.gouv.qc.ca\/creptransition\/wp-content\/uploads\/sites\/10\/2023\/02\/Design-sans-titre-1536x864.png 1536w\" sizes=\"auto, (max-width: 1920px) 100vw, 1920px\" \/><\/p>\n<p>&nbsp;<\/p>\n","protected":false},"excerpt":{"rendered":"<p>En r\u00e9sum\u00e9, voici ce que tu peux gagner \u00e0 travers notre accompagnement : Augmenter ta motivation scolaire Avoir confiance en tes capacit\u00e9s d\u2019apprendre D\u00e9terminer des conditions favorables \u00e0 ta r\u00e9ussite&hellip; <br \/> <a class=\"read-more\" href=\"https:\/\/infocrep.cssdm.gouv.qc.ca\/creptransition\/en-controle-de-ta-reussite\/\">Lire la suite<\/a><\/p>\n","protected":false},"author":2,"featured_media":0,"parent":0,"menu_order":0,"comment_status":"closed","ping_status":"closed","template":"page-templates\/page-with-right-sidebar.php","meta":{"footnotes":""},"class_list":["post-476","page","type-page","status-publish","hentry"],"yoast_head":"<title>En contr\u00f4le de ta r\u00e9ussite\u00a0! - CREP Transition<\/title>\r\n<meta name=\"robots\" content=\"index, follow, max-snippet:-1, max-image-preview:large, max-video-preview:-1\" \/>\r\n<link rel=\"canonical\" href=\"https:\/\/infocrep.cssdm.gouv.qc.ca\/creptransition\/en-controle-de-ta-reussite\/\" \/>\r\n<meta property=\"og:locale\" content=\"fr_FR\" \/>\r\n<meta property=\"og:type\" content=\"article\" \/>\r\n<meta property=\"og:title\" content=\"En contr\u00f4le de ta r\u00e9ussite\u00a0! - CREP Transition\" \/>\r\n<meta property=\"og:description\" content=\"En r\u00e9sum\u00e9, voici ce que tu peux gagner \u00e0 travers notre accompagnement : Augmenter ta motivation scolaire Avoir confiance en tes capacit\u00e9s d\u2019apprendre D\u00e9terminer des conditions favorables \u00e0 ta r\u00e9ussite&hellip; Lire la suite\" \/>\r\n<meta property=\"og:url\" content=\"https:\/\/infocrep.cssdm.gouv.qc.ca\/creptransition\/en-controle-de-ta-reussite\/\" \/>\r\n<meta property=\"og:site_name\" content=\"CREP Transition\" \/>\r\n<meta property=\"article:modified_time\" content=\"2025-03-27T19:32:11+00:00\" \/>\r\n<meta property=\"og:image\" content=\"https:\/\/infocrep.cssdm.gouv.qc.ca\/creptransition\/wp-content\/uploads\/sites\/10\/2023\/02\/Design-sans-titre-1024x576.png\" \/>\r\n\t<meta property=\"og:image:width\" content=\"1024\" \/>\r\n\t<meta property=\"og:image:height\" content=\"576\" \/>\r\n\t<meta property=\"og:image:type\" content=\"image\/png\" \/>\r\n<meta name=\"twitter:card\" content=\"summary_large_image\" \/>\r\n<meta name=\"twitter:label1\" content=\"Dur\u00e9e de lecture estim\u00e9e\" \/>\n\t<meta name=\"twitter:data1\" content=\"1 minute\" \/>\r\n<script type=\"application\/ld+json\" class=\"yoast-schema-graph\">{\"@context\":\"https:\/\/schema.org\",\"@graph\":[{\"@type\":\"WebPage\",\"@id\":\"https:\/\/infocrep.cssdm.gouv.qc.ca\/creptransition\/en-controle-de-ta-reussite\/\",\"url\":\"https:\/\/infocrep.cssdm.gouv.qc.ca\/creptransition\/en-controle-de-ta-reussite\/\",\"name\":\"En contr\u00f4le de ta r\u00e9ussite\u00a0! - CREP Transition\",\"isPartOf\":{\"@id\":\"https:\/\/infocrep.cssdm.gouv.qc.ca\/creptransition\/#website\"},\"primaryImageOfPage\":{\"@id\":\"https:\/\/infocrep.cssdm.gouv.qc.ca\/creptransition\/en-controle-de-ta-reussite\/#primaryimage\"},\"image\":{\"@id\":\"https:\/\/infocrep.cssdm.gouv.qc.ca\/creptransition\/en-controle-de-ta-reussite\/#primaryimage\"},\"thumbnailUrl\":\"https:\/\/infocrep.cssdm.gouv.qc.ca\/creptransition\/wp-content\/uploads\/sites\/10\/2023\/02\/Design-sans-titre.png\",\"datePublished\":\"2023-01-17T03:07:28+00:00\",\"dateModified\":\"2025-03-27T19:32:11+00:00\",\"breadcrumb\":{\"@id\":\"https:\/\/infocrep.cssdm.gouv.qc.ca\/creptransition\/en-controle-de-ta-reussite\/#breadcrumb\"},\"inLanguage\":\"fr-FR\",\"potentialAction\":[{\"@type\":\"ReadAction\",\"target\":[\"https:\/\/infocrep.cssdm.gouv.qc.ca\/creptransition\/en-controle-de-ta-reussite\/\"]}]},{\"@type\":\"ImageObject\",\"inLanguage\":\"fr-FR\",\"@id\":\"https:\/\/infocrep.cssdm.gouv.qc.ca\/creptransition\/en-controle-de-ta-reussite\/#primaryimage\",\"url\":\"https:\/\/infocrep.cssdm.gouv.qc.ca\/creptransition\/wp-content\/uploads\/sites\/10\/2023\/02\/Design-sans-titre.png\",\"contentUrl\":\"https:\/\/infocrep.cssdm.gouv.qc.ca\/creptransition\/wp-content\/uploads\/sites\/10\/2023\/02\/Design-sans-titre.png\",\"width\":1920,\"height\":1080,\"caption\":\"probl\u00e8me scolaire, d\u00e9crochage, sant\u00e9 mentale\"},{\"@type\":\"BreadcrumbList\",\"@id\":\"https:\/\/infocrep.cssdm.gouv.qc.ca\/creptransition\/en-controle-de-ta-reussite\/#breadcrumb\",\"itemListElement\":[{\"@type\":\"ListItem\",\"position\":1,\"name\":\"Accueil\",\"item\":\"https:\/\/infocrep.cssdm.gouv.qc.ca\/creptransition\/\"},{\"@type\":\"ListItem\",\"position\":2,\"name\":\"En contr\u00f4le de ta r\u00e9ussite\u00a0!\"}]},{\"@type\":\"WebSite\",\"@id\":\"https:\/\/infocrep.cssdm.gouv.qc.ca\/creptransition\/#website\",\"url\":\"https:\/\/infocrep.cssdm.gouv.qc.ca\/creptransition\/\",\"name\":\"CREP Transition\",\"description\":\"Un service personnalis\u00e9 vers ta r\u00e9ussite !\",\"potentialAction\":[{\"@type\":\"SearchAction\",\"target\":{\"@type\":\"EntryPoint\",\"urlTemplate\":\"https:\/\/infocrep.cssdm.gouv.qc.ca\/creptransition\/?s={search_term_string}\"},\"query-input\":{\"@type\":\"PropertyValueSpecification\",\"valueRequired\":true,\"valueName\":\"search_term_string\"}}],\"inLanguage\":\"fr-FR\"}]}<\/script>","yoast_head_json":{"title":"En contr\u00f4le de ta r\u00e9ussite\u00a0! - CREP Transition","robots":{"index":"index","follow":"follow","max-snippet":"max-snippet:-1","max-image-preview":"max-image-preview:large","max-video-preview":"max-video-preview:-1"},"canonical":"https:\/\/infocrep.cssdm.gouv.qc.ca\/creptransition\/en-controle-de-ta-reussite\/","og_locale":"fr_FR","og_type":"article","og_title":"En contr\u00f4le de ta r\u00e9ussite\u00a0! - CREP Transition","og_description":"En r\u00e9sum\u00e9, voici ce que tu peux gagner \u00e0 travers notre accompagnement : Augmenter ta motivation scolaire Avoir confiance en tes capacit\u00e9s d\u2019apprendre D\u00e9terminer des conditions favorables \u00e0 ta r\u00e9ussite&hellip; Lire la suite","og_url":"https:\/\/infocrep.cssdm.gouv.qc.ca\/creptransition\/en-controle-de-ta-reussite\/","og_site_name":"CREP Transition","article_modified_time":"2025-03-27T19:32:11+00:00","og_image":[{"width":1024,"height":576,"url":"https:\/\/infocrep.cssdm.gouv.qc.ca\/creptransition\/wp-content\/uploads\/sites\/10\/2023\/02\/Design-sans-titre-1024x576.png","type":"image\/png"}],"twitter_card":"summary_large_image","twitter_misc":{"Dur\u00e9e de lecture estim\u00e9e":"1 minute"},"schema":{"@context":"https:\/\/schema.org","@graph":[{"@type":"WebPage","@id":"https:\/\/infocrep.cssdm.gouv.qc.ca\/creptransition\/en-controle-de-ta-reussite\/","url":"https:\/\/infocrep.cssdm.gouv.qc.ca\/creptransition\/en-controle-de-ta-reussite\/","name":"En contr\u00f4le de ta r\u00e9ussite\u00a0! - CREP Transition","isPartOf":{"@id":"https:\/\/infocrep.cssdm.gouv.qc.ca\/creptransition\/#website"},"primaryImageOfPage":{"@id":"https:\/\/infocrep.cssdm.gouv.qc.ca\/creptransition\/en-controle-de-ta-reussite\/#primaryimage"},"image":{"@id":"https:\/\/infocrep.cssdm.gouv.qc.ca\/creptransition\/en-controle-de-ta-reussite\/#primaryimage"},"thumbnailUrl":"https:\/\/infocrep.cssdm.gouv.qc.ca\/creptransition\/wp-content\/uploads\/sites\/10\/2023\/02\/Design-sans-titre.png","datePublished":"2023-01-17T03:07:28+00:00","dateModified":"2025-03-27T19:32:11+00:00","breadcrumb":{"@id":"https:\/\/infocrep.cssdm.gouv.qc.ca\/creptransition\/en-controle-de-ta-reussite\/#breadcrumb"},"inLanguage":"fr-FR","potentialAction":[{"@type":"ReadAction","target":["https:\/\/infocrep.cssdm.gouv.qc.ca\/creptransition\/en-controle-de-ta-reussite\/"]}]},{"@type":"ImageObject","inLanguage":"fr-FR","@id":"https:\/\/infocrep.cssdm.gouv.qc.ca\/creptransition\/en-controle-de-ta-reussite\/#primaryimage","url":"https:\/\/infocrep.cssdm.gouv.qc.ca\/creptransition\/wp-content\/uploads\/sites\/10\/2023\/02\/Design-sans-titre.png","contentUrl":"https:\/\/infocrep.cssdm.gouv.qc.ca\/creptransition\/wp-content\/uploads\/sites\/10\/2023\/02\/Design-sans-titre.png","width":1920,"height":1080,"caption":"probl\u00e8me scolaire, d\u00e9crochage, sant\u00e9 mentale"},{"@type":"BreadcrumbList","@id":"https:\/\/infocrep.cssdm.gouv.qc.ca\/creptransition\/en-controle-de-ta-reussite\/#breadcrumb","itemListElement":[{"@type":"ListItem","position":1,"name":"Accueil","item":"https:\/\/infocrep.cssdm.gouv.qc.ca\/creptransition\/"},{"@type":"ListItem","position":2,"name":"En contr\u00f4le de ta r\u00e9ussite\u00a0!"}]},{"@type":"WebSite","@id":"https:\/\/infocrep.cssdm.gouv.qc.ca\/creptransition\/#website","url":"https:\/\/infocrep.cssdm.gouv.qc.ca\/creptransition\/","name":"CREP Transition","description":"Un service personnalis\u00e9 vers ta r\u00e9ussite !","potentialAction":[{"@type":"SearchAction","target":{"@type":"EntryPoint","urlTemplate":"https:\/\/infocrep.cssdm.gouv.qc.ca\/creptransition\/?s={search_term_string}"},"query-input":{"@type":"PropertyValueSpecification","valueRequired":true,"valueName":"search_term_string"}}],"inLanguage":"fr-FR"}]}},"_links":{"self":[{"href":"https:\/\/infocrep.cssdm.gouv.qc.ca\/creptransition\/wp-json\/wp\/v2\/pages\/476","targetHints":{"allow":["GET"]}}],"collection":[{"href":"https:\/\/infocrep.cssdm.gouv.qc.ca\/creptransition\/wp-json\/wp\/v2\/pages"}],"about":[{"href":"https:\/\/infocrep.cssdm.gouv.qc.ca\/creptransition\/wp-json\/wp\/v2\/types\/page"}],"author":[{"embeddable":true,"href":"https:\/\/infocrep.cssdm.gouv.qc.ca\/creptransition\/wp-json\/wp\/v2\/users\/2"}],"replies":[{"embeddable":true,"href":"https:\/\/infocrep.cssdm.gouv.qc.ca\/creptransition\/wp-json\/wp\/v2\/comments?post=476"}],"version-history":[{"count":11,"href":"https:\/\/infocrep.cssdm.gouv.qc.ca\/creptransition\/wp-json\/wp\/v2\/pages\/476\/revisions"}],"predecessor-version":[{"id":860,"href":"https:\/\/infocrep.cssdm.gouv.qc.ca\/creptransition\/wp-json\/wp\/v2\/pages\/476\/revisions\/860"}],"wp:attachment":[{"href":"https:\/\/infocrep.cssdm.gouv.qc.ca\/creptransition\/wp-json\/wp\/v2\/media?parent=476"}],"curies":[{"name":"wp","href":"https:\/\/api.w.org\/{rel}","templated":true}]}}