{"id":604,"date":"2022-07-20T10:29:09","date_gmt":"2022-07-20T14:29:09","guid":{"rendered":"https:\/\/infocrep.cssdm.gouv.qc.ca\/bottin\/?page_id=604"},"modified":"2024-04-19T10:38:51","modified_gmt":"2024-04-19T14:38:51","slug":"programme-detudes-francisation","status":"publish","type":"page","link":"https:\/\/infocrep.cssdm.gouv.qc.ca\/bottin\/programme-detudes-francisation\/","title":{"rendered":"Programme d\u2019\u00e9tudes Francisation"},"content":{"rendered":"<!-- Added by Post\/Page specific custom CSS plugin, thank you for using! -->\r\n<style>.featured-area .entry-title{\r\n\tmargin-top: -2em;\r\n\tfont-size: 3em;\r\n\ttext-align: left\r\n}\r\n\r\n.entry-content {\r\nmargin-top: 30px;\r\n}<\/style>\r\n<p>&nbsp;<\/p>\n<h2>Apprendre \u00e0 parler, lire et \u00e9crire en fran\u00e7ais, en respectant le rythme d\u2019apprentissage de chacun<\/h2>\n<p>Ce programme cible sp\u00e9cifiquement les besoins des immigrants allophones ayant neuf ann\u00e9es et plus de scolarit\u00e9 dans leur langue maternelle. Le programme leur permet d\u2019acqu\u00e9rir des habilet\u00e9s de base en fran\u00e7ais oral et \u00e9crit, et favorise leur int\u00e9gration \u00e0 la soci\u00e9t\u00e9 qu\u00e9b\u00e9coise. Huit niveaux d\u2019enseignement sont offerts afin de r\u00e9pondre \u00e0 l\u2019ensemble des besoins. Les unit\u00e9s obtenues dans ce programme sont reconnues, s\u2019il y a lieu, dans les cours \u00e0 option de quatri\u00e8me et cinqui\u00e8me secondaire menant \u00e0 l\u2019obtention d\u2019un dipl\u00f4me d\u2019\u00e9tudes secondaires (DES) dans le secteur francophone.<\/p>\n<p>Domaines g\u00e9n\u00e9raux abord\u00e9s lors de la formation :<\/p>\n<ul>\n<li>Sant\u00e9 et bien-\u00eatre<\/li>\n<li>\u00c9ducation et monde du travail<\/li>\n<li>Culture et m\u00e9dias<\/li>\n<li>Habitation et d\u00e9placement<\/li>\n<li>Vie personnelle et citoyennet\u00e9<\/li>\n<li>Consommation et environnement<\/li>\n<\/ul>\n<h4>Programme de francisation-alpha<\/h4>\n<p>Ce programme sp\u00e9cialement d\u00e9velopp\u00e9 par le Centre de services scolaire de Montr\u00e9al s\u2019adresse aux adultes ayant moins de neuf ann\u00e9es de scolarit\u00e9 dans leur langue maternelle et comprend quatre niveaux d\u2019enseignement. Il englobe non seulement l\u2019enseignement du fran\u00e7ais oral, mais aussi la familiarisation progressive avec le code \u00e9crit. Le programme permet l\u2019acquisition de rep\u00e8res culturels significatifs et la sensibilisation aux valeurs de la soci\u00e9t\u00e9 qu\u00e9b\u00e9coise.<\/p>\n","protected":false},"excerpt":{"rendered":"<p>&nbsp; Apprendre \u00e0 parler, lire et \u00e9crire en fran\u00e7ais, en respectant le rythme d\u2019apprentissage de chacun Ce programme cible sp\u00e9cifiquement les besoins des immigrants allophones ayant neuf ann\u00e9es et plus de scolarit\u00e9 dans leur langue maternelle. Le programme leur permet d\u2019acqu\u00e9rir des habilet\u00e9s de base en fran\u00e7ais oral et \u00e9crit, et favorise leur int\u00e9gration \u00e0<a class=\"moretag\" href=\"https:\/\/infocrep.cssdm.gouv.qc.ca\/bottin\/programme-detudes-francisation\/\"> Read more&#8230;<\/a><\/p>\n","protected":false},"author":1,"featured_media":0,"parent":0,"menu_order":0,"comment_status":"closed","ping_status":"closed","template":"geodirectory.php","meta":{"_lmt_disableupdate":"no","_lmt_disable":"","footnotes":""},"coauthors":[242],"class_list":["post-604","page","type-page","status-publish","hentry"],"_links":{"self":[{"href":"https:\/\/infocrep.cssdm.gouv.qc.ca\/bottin\/wp-json\/wp\/v2\/pages\/604","targetHints":{"allow":["GET"]}}],"collection":[{"href":"https:\/\/infocrep.cssdm.gouv.qc.ca\/bottin\/wp-json\/wp\/v2\/pages"}],"about":[{"href":"https:\/\/infocrep.cssdm.gouv.qc.ca\/bottin\/wp-json\/wp\/v2\/types\/page"}],"author":[{"embeddable":true,"href":"https:\/\/infocrep.cssdm.gouv.qc.ca\/bottin\/wp-json\/wp\/v2\/users\/1"}],"replies":[{"embeddable":true,"href":"https:\/\/infocrep.cssdm.gouv.qc.ca\/bottin\/wp-json\/wp\/v2\/comments?post=604"}],"version-history":[{"count":0,"href":"https:\/\/infocrep.cssdm.gouv.qc.ca\/bottin\/wp-json\/wp\/v2\/pages\/604\/revisions"}],"wp:attachment":[{"href":"https:\/\/infocrep.cssdm.gouv.qc.ca\/bottin\/wp-json\/wp\/v2\/media?parent=604"}],"wp:term":[{"taxonomy":"author","embeddable":true,"href":"https:\/\/infocrep.cssdm.gouv.qc.ca\/bottin\/wp-json\/wp\/v2\/coauthors?post=604"}],"curies":[{"name":"wp","href":"https:\/\/api.w.org\/{rel}","templated":true}]}}